{"id":1136,"date":"2025-01-25T20:39:21","date_gmt":"2025-01-25T20:39:21","guid":{"rendered":"https:\/\/suaempresaviva.com\/?page_id=1136"},"modified":"2026-04-22T00:25:55","modified_gmt":"2026-04-22T00:25:55","slug":"sabedoria-sistemica","status":"publish","type":"page","link":"https:\/\/suaempresaviva.com\/index.php\/sabedoria-sistemica\/","title":{"rendered":"SABEDORIA SIST\u00caMICA"},"content":{"rendered":"\n<div class=\"wp-block-columns is-layout-flex wp-container-core-columns-is-layout-9d6595d7 wp-block-columns-is-layout-flex\">\n<div class=\"wp-block-column is-layout-flow wp-block-column-is-layout-flow\">\n<h2 class=\"wp-block-heading has-text-align-center has-theme-palette-9-color has-text-color has-background has-link-color wp-elements-40348347f96eaf3c9b1a44acf9691712\" style=\"background:linear-gradient(135deg,rgb(15,61,58) 100%,rgb(155,81,224) 100%)\">Constela\u00e7\u00e3o Empresarial                        <\/h2>\n\n\n\n<div class=\"wp-block-columns is-layout-flex wp-container-core-columns-is-layout-9d6595d7 wp-block-columns-is-layout-flex\">\n<div class=\"wp-block-column is-layout-flow wp-block-column-is-layout-flow\"><\/div>\n\n\n\n<div class=\"wp-block-column is-layout-flow wp-block-column-is-layout-flow\"><\/div>\n<\/div>\n<\/div>\n\n\n\n<div class=\"wp-block-column is-layout-flow wp-block-column-is-layout-flow\">\n<h4 class=\"wp-block-heading has-text-align-left\">A constela\u00e7\u00e3o empresarial revela din\u00e2micas invis\u00edveis que influenciam decis\u00f5es, rela\u00e7\u00f5es e resultados dentro da empresa.<\/h4>\n\n\n\n<p>Quando essas estruturas s\u00e3o reconhecidas, o neg\u00f3cio ganha clareza, dire\u00e7\u00e3o e consist\u00eancia para crescer de forma mais equilibrada.<\/p>\n\n\n\n<p><strong><a href=\"https:\/\/suaempresaviva.com\/index.php\/2025\/02\/17\/guia-aplicacoes-constelacoes-familiares\/\">Explorar constela\u00e7\u00e3o empresarial<\/a> \u2192<\/strong><\/p>\n<\/div>\n<\/div>\n\n\n\n<p><\/p>\n","protected":false},"excerpt":{"rendered":"<p>Constela\u00e7\u00e3o Empresarial A constela\u00e7\u00e3o empresarial revela din\u00e2micas invis\u00edveis que influenciam decis\u00f5es, rela\u00e7\u00f5es e resultados dentro da empresa. Quando essas estruturas s\u00e3o reconhecidas, o neg\u00f3cio ganha clareza, dire\u00e7\u00e3o e consist\u00eancia para crescer de forma mais equilibrada. Explorar constela\u00e7\u00e3o empresarial \u2192<\/p>\n","protected":false},"author":1,"featured_media":0,"parent":0,"menu_order":0,"comment_status":"closed","ping_status":"closed","template":"","meta":{"_kadence_starter_templates_imported_post":false,"_kad_post_transparent":"","_kad_post_title":"","_kad_post_layout":"","_kad_post_sidebar_id":"","_kad_post_content_style":"","_kad_post_vertical_padding":"","_kad_post_feature":"","_kad_post_feature_position":"","_kad_post_header":false,"_kad_post_footer":false,"_kad_post_classname":"","footnotes":""},"class_list":["post-1136","page","type-page","status-publish","hentry"],"_hostinger_reach_plugin_has_subscription_block":false,"_hostinger_reach_plugin_is_elementor":false,"_links":{"self":[{"href":"https:\/\/suaempresaviva.com\/index.php\/wp-json\/wp\/v2\/pages\/1136","targetHints":{"allow":["GET"]}}],"collection":[{"href":"https:\/\/suaempresaviva.com\/index.php\/wp-json\/wp\/v2\/pages"}],"about":[{"href":"https:\/\/suaempresaviva.com\/index.php\/wp-json\/wp\/v2\/types\/page"}],"author":[{"embeddable":true,"href":"https:\/\/suaempresaviva.com\/index.php\/wp-json\/wp\/v2\/users\/1"}],"replies":[{"embeddable":true,"href":"https:\/\/suaempresaviva.com\/index.php\/wp-json\/wp\/v2\/comments?post=1136"}],"version-history":[{"count":11,"href":"https:\/\/suaempresaviva.com\/index.php\/wp-json\/wp\/v2\/pages\/1136\/revisions"}],"predecessor-version":[{"id":3351,"href":"https:\/\/suaempresaviva.com\/index.php\/wp-json\/wp\/v2\/pages\/1136\/revisions\/3351"}],"wp:attachment":[{"href":"https:\/\/suaempresaviva.com\/index.php\/wp-json\/wp\/v2\/media?parent=1136"}],"curies":[{"name":"wp","href":"https:\/\/api.w.org\/{rel}","templated":true}]}}